 the prime factors of m.
5, 31
Let n(j) be the first derivative of -63*j**2/2 + 132*j + 78. List the prime factors of n(-7).
3, 191
What are the prime factors of (-108795)/(-10) + (-45)/30?
2, 3, 7, 37
Suppose 2*x - 24 - 14 = 0. Suppose -4*d = x - 59. Suppose -751 = -d*h - 41. What are the prime factors of h?
71
Let s = -94 - -140. Let g = -12 + s. Let v = g - 29. List the prime factors of v.
5
Suppose 10648 = -4*t - 4*l, -2*l = 8*t - 9*t - 2662. Let p = -1752 - t. List the prime factors of p.
2, 5, 7, 13
Suppose -h = r + 168, -3*h - 4*r - 492 = -7*r. Let x = 278 + h. What are the prime factors of x?
2, 7
Suppose y - 6*y + 14 = -2*w, -w - 2 = 0. Suppose -z - y*z + 3054 = 3*s, 4*s - 3*z = 4037. List the prime factors of s.
1013
Let r = -10 - -13. Suppose r*a + 2*a + 3*h - 125 = 0, 81 = 2*a - 5*h. What are the prime factors of (-1 + -27)*(4 + (-189)/a)?
7, 11
Suppose -c - 3*l = 626, -2*l = -4*c - 377 - 2197. Let v = c - -1012. What are the prime factors of v?
7, 53
Let q(d) = -d**2 - 29*d - 49. Let n be q(-27). Suppose n*h = 9*h + s - 1672, -2115 = -5*h + 5*s. List the prime factors of h.
419
Suppose -4*s = -5*b - 59 - 2500, -1014 = 2*b - 4*s. Let y = b + 909. What are the prime factors of y?
2, 197
Let x(c) = 8*c**2 - 12*c - 6. Let s be (-51)/(-6) - ((-54)/12 - -6). What are the prime factors of x(s)?
2, 151
Let m(q) = -q**2 - q - 1. Let b(y) = -131*y**2 - 6*y - 4. Suppose 4*n - 14 - 6 = 0. Let i(z) = n*m(z) - b(z). What are the prime factors of i(1)?
2, 3, 7
Suppose -16770 = -n + 3*p, 3*n - 50315 = 224*p - 220*p. List the prime factors of n.
3, 5591
Suppose -168*y + 1933228 = -124*y. List the prime factors of y.
53, 829
Let k(c) = 62*c**2 + 49*c + 335. What are the prime factors of k(-7)?
2, 3, 5, 101
Let x(q) = -979*q + 12. Let r be x(-2). Suppose 15*f = 20*f - r. List the prime factors of f.
2, 197
Suppose 4*c - 5*u - 17 = 0, 2*c - 1 = -0*c - 5*u. Suppose -7*s = -c*s + 168. Let x = s + 158. List the prime factors of x.
2, 29
Suppose 68*c + 121824 = 77*c. What are the prime factors of c?
2, 3, 47
Suppose -6*r - 321 = -339. Suppose 4*b - 23 = -t, 4*b + 8*t - 3*t = 19. List the prime factors of (-4 - (-256)/b)*r.
2, 29
Let o = -10 + 13. Suppose -4*h = -o*h + 1. List the prime factors of 19*((-1)/2)/(h/2).
19
Let c(p) = 2*p - 11 - 11 - 1 + 0. Let v be c(12). Let z(i) = 216*i + 2. List the prime factors of z(v).
2, 109
Suppose -3*v = -6, 2*p = -v - 77037 + 207111. List the prime factors of p.
2, 71, 229
Let k(w) be the third derivative of -w**4/24 - 27*w**2. Let g(o) = -o**2 - 29*o - 30. Let b(j) = -g(j) + 5*k(j). What are the prime factors of b(-24)?
2, 3, 5
List the prime factors of (380/57)/(-20)*4493*-6.
2, 4493
Suppose -y - 86 = -89. Suppose 4*a + 1363 = 3*f, -y*f - 2*a = 3*a - 1408. List the prime factors of f.
461
Let m(d) = 29*d + 7. Let f = -74 - -76. Let n(b) = 2*b**3 - 3*b**2 + 3*b - 5. Let q be n(f). List the prime factors of m(q).
2, 19
Let d be (0 - 1054)/((-42)/(-21)). Let a = d - -915. What are the prime factors of a?
2, 97
Let g = 105 - 103. Suppose -4 = -5*s + 9*s. What are the prime factors of s + (0 - g - -95*1)?
2, 23
Suppose -2*v = -4*v - 8*v. Suppose v*y = -4*y + 188. Let j = y + -30. List the prime factors of j.
17
What are the prime factors of 7840 - 11*5/(-55)?
7841
Let m(r) = 274*r**3 - 12*r**2 + 87*r - 421. List the prime factors of m(5).
2, 7, 1213
Let c(i) = 7*i**2 - 73*i - 66. List the prime factors of c(23).
2, 11, 89
Let k(u) be the second derivative of 3*u**4/4 - 2*u**3/3 - 7*u**2/2 + u - 50. What are the prime factors of k(5)?
2, 3, 11
Let w(v) = 109*v - 53. Let p(f) = -36*f + 18. Let u(m) = 11*p(m) + 4*w(m). Let l be (-3)/(1 + 35/(-20)). What are the prime factors of u(l)?
2, 73
Let j be (40/(-12))/(-5)*20673/6. List the prime factors of (-60)/48 + j/4.
3, 191
Suppose -7*g = 8*g - 20*g + 14900. What are the prime factors of g?
2, 5, 149
Let q(w) = 2 - w**2 + 2*w + 5*w**3 + 2*w**2 - 6*w**2 + 3*w**2. Let i be q(3). Suppose z - p - i = 0, z + p + 2*p = 113. What are the prime factors of z?
2, 61
Let b = 4 + -29. Let i = 107 - b. Suppose -19*o - i = -20*o. What are the prime factors of o?
2, 3, 11
Let o be 1192/(-12) + 2/6. Let m = -97 - o. Suppose p + 4*h = 134, 5*h = -m*p + 114 + 166. List the prime factors of p.
2, 3, 5
Let s be 4/(-18) + 4556/(-153). Let a be 2/(-6) - 6010/s. List the prime factors of (-1)/(15/a)*-6.
2, 5
Let b(d) = -14*d - 29. Let s(i) = i. Let g(w) = -2*b(w) - 18*s(w). List the prime factors of g(23).
2, 3
Let w be 3/2 - 7/(-14). Let q be w/(-16) + 0 + 3633/8. Suppose -q = -5*l - 39. What are the prime factors of l?
83
Let g be (-38100)/(-22) + (-13)/((-429)/6). Let x = g + -1167. What are the prime factors of x?
5, 113
Suppose -39 = -4*l - 3*x, -2*l + 0*l - 3 = -3*x. Let a(u) = -u**3 + 2*u**2 + 1. Let j be a(0). What are the prime factors of ((-34)/6)/(l/(-90)*j)?
5, 17
Suppose 0 = -389*d + 383*d + 24. What are the prime factors of -6 + d - (-945 + -1)?
2, 59
Let i(m) = 32*m - 12*m - 6*m + 32*m - 21. Suppose -23*u + 18*u + 30 = 0. List the prime factors of i(u).
3, 5, 17
Let y = -37 + 41. Suppose -4*l - t = -1, -5*t + 3 = -y*l - 2. Suppose -3*d + 439 = d - 3*m, l = 3*d - m - 328. What are the prime factors of d?
109
Suppose -8*s - 156 = -180. Suppose r + s*i + i = 269, -i = 5*r - 1364. List the prime factors of r.
3, 7, 13
Let s(g) = -25*g**3 - 50*g**2 + 37*g + 35. List the prime factors of s(-14).
3, 7, 2777
Let z be (7 + 1443)/((-3)/(9/(-3))). Suppose 4*p - 6*p + 582 = -3*y, 5*p - z = 5*y. Suppose -2*x - p = -4*w, -x - 12 = -4*x. What are the prime factors of w?
2, 37
Let v = 414 - 413. List the prime factors of (-115 - -120) + v + 1 + 64.
71
Suppose -353916 = -37*b - 50*b. What are the prime factors of b?
2, 3, 113
Let p(z) be the third derivative of 0 + 0*z + 1/12*z**4 + 53/2*z**3 - 10*z**2. What are the prime factors of p(0)?
3, 53
Suppose 5*b - 5*p - 118115 = 0, 52*p - 53*p = 6*b - 141745. What are the prime factors of b?
2, 2953
Suppose 0 = -2*n + 2, -4*c + 3*n + 22 = c. Suppose 3*t - 4*t - b + 244 = 0, t + c*b - 240 = 0. Let a = t + -141. List the prime factors of a.
2, 13
Suppose 43630 = 5*q + 5*o, 0 = 79*o - 77*o + 10. List the prime factors of q.
8731
Let g(q) = 708*q - 20. Let k be g(1). Let z = k + -279. What are the prime factors of z?
409
Let m(b) = -8*b. Let l(v) = -15*v - 1. Let x(j) = -3*l(j) + 5*m(j). Let c be x(1). List the prime factors of -3*20/15*(-242)/c.
11
Let t be ((-23)/3 - -5)/((-2)/3). Suppose -w + 430 = t. What are the prime factors of w?
2, 3, 71
Suppose 352*v - 357*v + 200202 = 4*o, -5*o = 4*v - 160149. List the prime factors of v.
2, 20023
Let a = -27 + 730. Suppose h = 3*s - 1701, s + 136 = -2*h + a. List the prime factors of s.
3, 7
What are the prime factors of (121079/10 - -1) + 17 + (-6422)/380?
12109
Let z = -658 + 660. Suppose -z*d = -5*g - 4*d + 2080, -4*g + 1631 = -5*d. List the prime factors of g.
2, 3, 23
Let m(h) = -124*h**3 + 10*h**2 + 27*h + 2. Let u(a) = -41*a**3 + 3*a**2 + 9*a + 1. Let f(d) = -4*m(d) + 11*u(d). What are the prime factors of f(3)?
2, 3, 47
List the prime factors of (-4 + -3 + 388)/(3/18).
2, 3, 127
Let y = 34 + -45. Let k = 250 + y. Let x = k + -27. What are the prime factors of x?
2, 53
Let v(d) = 441*d + 906. List the prime factors of v(16).
2, 3, 1327
Suppose -22*j = 2*h - 20*j - 11878, 0 = h + 5*j - 5935. What are the prime factors of h?
2, 3, 5, 11
Let k(n) be the first derivative of -163*n**2/2 - 72*n + 82. What are the prime factors of k(-9)?
3, 5, 31
Let u(x) = -10*x - 80. Let r be u(-43). Suppose -8*c + 186 = -r. What are the prime factors of c?
67
Let z = -10 + 15. Suppose z*u + c + 53 = 0, 4*c = -7*u + 2*u - 62. Let b(o) = -o**2 - 13*o + 15. What are the prime factors of b(u)?
3, 5
Let j = -37 - -43. Let m be 16/(-60)*-5*j/2. List the prime factors of 241 - ((3 - 10) + m).
2, 61
Suppose -11*s + 10*s - 4 = 0. Let w be ((-4)/48*s)/(4/324). List the prime factors of 3/(-9)*-14*w.
2, 3, 7
Let f = 129 - 112. Let z be 70/4*(-23 + f). Let d = -26 - z. What are the prime factors of d?
79
Let j(o) = 37*o**2 - 78*o + 587. List the prime factors of j(26).
3, 97
Let s be (892/6)/((-140)/48 - -3). Suppose 9*g - s = 5*g. What are the prime factors of g?
2, 223
Let j(k) = k**2 - 4*k - 4. Let y be j(-1). Let v be -2 + y - -3 -